f 52?
True
Is 11 a factor of 53?
False
Does 48 divide 15648?
True
Is 202 a factor of 67130?
False
Is 7970 a multiple of 5?
True
Does 13 divide 324?
False
Is 13 a factor of 2639?
True
Does 25 divide 13743?
False
Is 11 a factor of 15664?
True
Does 4 divide 7828?
True
Is 39 a factor of 5430?
False
Is 25 a factor of 73949?
False
Is 15 a factor of 240?
True
Is 10350 a multiple of 45?
True
Is 2 a factor of 13?
False
Is 17563 a multiple of 21?
False
Does 20 divide 820?
True
Does 30 divide 2910?
True
Is 97001 a multiple of 16?
False
Is 655 a multiple of 15?
False
Is 5570 a multiple of 6?
False
Does 29 divide 5471?
False
Is 11 a factor of 106667?
True
Is 85 a factor of 6205?
True
Is 22 a factor of 22198?
True
Is 45090 a multiple of 30?
True
Is 1161 a multiple of 14?
False
Is 26 a factor of 68926?
True
Is 229 a factor of 66181?
True
Is 48 a factor of 4689?
False
Is 58 a factor of 2866?
False
Is 146 a factor of 62634?
True
Does 51 divide 12240?
True
Does 20 divide 58712?
False
Is 272 a multiple of 16?
True
Does 48 divide 16848?
True
Is 579 a multiple of 28?
False
Is 27 a factor of 267?
False
Is 288 a multiple of 24?
True
Does 9 divide 2132?
False
Is 36 a factor of 3852?
True
Is 15985 a multiple of 46?
False
Is 768 a multiple of 64?
True
Is 23 a factor of 575?
True
Is 10 a factor of 9984?
False
Is 10780 a multiple of 28?
True
Is 936 a multiple of 24?
True
Does 6 divide 178?
False
Is 12 a factor of 11268?
True
Is 9 a factor of 131?
False
Does 20 divide 60?
True
Does 32 divide 160?
True
Does 19 divide 1586?
False
Does 66 divide 1980?
True
Does 7 divide 133?
True
Is 18 a factor of 4294?
False
Is 60 a multiple of 4?
True
Does 6 divide 439?
False
Is 43 a factor of 2028?
False
Is 8 a factor of 480?
True
Does 26 divide 312?
True
Does 14 divide 9016?
True
Is 24 a factor of 12600?
True
Does 7 divide 1897?
True
Is 13 a factor of 36608?
True
Is 11 a factor of 341?
True
Does 9 divide 1273?
False
Is 4639 a multiple of 9?
False
Does 18 divide 2736?
True
Is 379 a multiple of 10?
False
Is 20 a factor of 76020?
True
Is 26588 a multiple of 23?
True
Does 46 divide 50342?
False
Is 17 a factor of 17455?
False
Is 68259 a multiple of 51?
False
Is 14231 a multiple of 5?
False
Is 1140 a multiple of 17?
False
Is 57 a factor of 57?
True
Is 23573 a multiple of 11?
True
Is 8696 a multiple of 31?
False
Is 113 a factor of 4071?
False
Is 143 a factor of 465?
False
Is 28 a factor of 285?
False
Is 137 a multiple of 7?
False
Does 50 divide 50?
True
Is 18 a factor of 2346?
False
Does 37 divide 1081?
False
Is 16469 a multiple of 43?
True
Does 10 divide 244?
False
Is 744 a multiple of 24?
True
Is 16 a factor of 720?
True
Does 13 divide 35057?
False
Is 819 a multiple of 9?
True
Does 44 divide 53152?
True
Is 55 a factor of 2805?
True
Does 57 divide 513?
True
Is 3 a factor of 207?
True
Does 9 divide 1051?
False
Does 4 divide 1503?
False
Is 20 a factor of 600?
True
Is 4033 a multiple of 15?
False
Is 117 a factor of 15555?
False
Is 570 a multiple of 5?
True
Is 31 a factor of 16182?
True
Is 14 a factor of 6151?
False
Is 1838 a multiple of 16?
False
Is 27 a factor of 46170?
True
Is 1719 a multiple of 84?
False
Does 22 divide 10428?
True
Does 7 divide 1561?
True
Is 13 a factor of 156?
True
Does 8 divide 5331?
False
Does 5 divide 7836?
False
Is 2923 a multiple of 79?
True
Is 140 a multiple of 4?
True
Is 93570 a multiple of 10?
True
Is 10 a factor of 10820?
True
Is 2164 a multiple of 28?
False
Does 48 divide 2160?
True
Is 22887 a multiple of 20?
False
Does 15 divide 3285?
True
Is 31682 a multiple of 73?
True
Does 86 divide 1376?
True
Is 4086 a multiple of 18?
True
Is 27 a factor of 7074?
True
Does 8 divide 4433?
False
Is 400 a multiple of 2?
True
Is 14 a factor of 2811?
False
Does 13 divide 50415?
False
Is 5 a factor of 127?
False
Does 83 divide 29465?
True
Is 2232 a multiple of 36?
True
Is 1883 a multiple of 7?
True
Is 40 a factor of 153?
False
Is 4900 a multiple of 29?
False
Is 17 a factor of 680?
True
Does 5 divide 1163?
False
Is 25 a factor of 523?
False
Is 5 a factor of 960?
True
Is 2490 a multiple of 15?
True
Does 127 divide 47498?
True
Is 1317 a multiple of 99?
False
Does 7 divide 1351?
True
Is 132 a factor of 30046?
False
Is 4844 a multiple of 11?
False
Is 19 a factor of 285?
True
Does 7 divide 2211?
False
Is 2774 a multiple of 38?
True
Is 11 a factor of 1144?
True
Does 153 divide 58293?
True
Is 16 a factor of 15749?
False
Is 6 a factor of 4077?
False
Is 6 a factor of 144?
True
Is 152 a multiple of 19?
True
Is 47 a factor of 10528?
True
Is 118 a factor of 23364?
True
Is 31 a factor of 23343?
True
Is 15 a factor of 555?
True
Is 4 a factor of 100?
True
Is 5 a factor of 1351?
False
Does 3 divide 3640?
False
Is 142 a factor of 4470?
False
Is 7 a factor of 203?
True
Is 269 a multiple of 59?
False
Is 16 a factor of 45936?
True
Is 1752 a multiple of 114?
False
Does 16 divide 1232?
True
Is 648 a multiple of 24?
True
Does 34 divide 21781?
False
Is 316 a multiple of 73?
False
Is 49254 a multiple of 176?
False
Is 21 a factor of 35010?
False
Is 213 a multiple of 5?
False
Is 187 a factor of 49368?
True
Does 21 divide 26040?
True
Is 12882 a multiple of 19?
True
Is 280 a multiple of 20?
True
Is 97 a factor of 5335?
True
Is 13 a factor of 1185?
False
Is 87 a factor of 49938?
True
Is 44 a factor of 14107?
False
Does 22 divide 660?
True
Is 6684 a multiple of 13?
False
Is 728 a multiple of 14?
True
Does 48 divide 593?
False
Is 361 a multiple of 37?
False
Is 32 a factor of 4366?
False
Is 38 a factor of 677?
False
Is 16 a factor of 631?
False
Is 995 a multiple of 45?
False
Is 147 a multiple of 49?
True
Does 9 divide 225?
True
Is 18 a factor of 450?
True
Is 271 a multiple of 4?
False
Is 59 a factor of 17995?
True
Is 182810 a multiple of 18?
False
Is 1178 a multiple of 104?
False
Is 73 a factor of 9160?
False
Is 22 a factor of 23909?
False
Is 51 a factor of 38964?
True
Is 54 a factor of 60534?
True
Is 27508 a multiple of 49?
False
Is 67 a factor of 3551?
True
Is 52 a factor of 364?
True
Is 54 a factor of 2029?
False
Is 16 a factor of 1664?
True
Is 4459 a multiple of 91?
True
Is 49 a factor of 8577?
False
Does 9 divide 963?
True
Is 58817 a multiple of 183?
False
Does 13 divide 123?
False
Is 23585 a multiple of 3?
False
Is 294 a multiple of 52?
False
Is 7 a factor of 4144?
True
Is 1292 a multiple of 62?
False
Is 93 a multiple of 59?
False
Is 29 a factor of 73485?
False
Does 63 divide 20176?
False
Is 38 a multiple of 11?
False
Is 23200 a multiple of 80?
True
Is 50 a factor of 9522?
False
Is 449 a multiple of 13?
False
Is 11613 a multiple of 20?
False
Does 90 divide 455?
False
Does 28 divide 504?
True
Is 1624 even?
True
Is 11 a factor of 6281?
True
Is 5782 a multiple of 25?
False
Is 67032 a multiple of 28?
True
Is 271 a factor of 16467?
False
Does 10 divide 4068?
False
Is 680 a multiple of 12?
False
Is 5461 a multiple of 50?
False
Is 16 a factor of 102?
False
Is 4404 a multiple of 49?
False
Is 7 a factor of 1078?
True
Does 15 divide 12795?
True
Does 14 divide 154?
True
Does 49 divide 33468?
False
Is 1913 a multiple of 12?
False
Is 88 a factor of 3256?
True
Is 25 a factor of 550?
True
Does 13 divide 455?
True
Is 14 a factor of 3766?
True
Is 23 a factor of 554?
False
Does 40 divide 10572?
False
Does 13 divide 1110?
False
Is 29 a factor of 89021?
False
Does 85 divide 2168?
False
Is 6 a factor of 7090?
False
Does 35 divide 3220?
True
Is 4 a factor of 1372?
True
Does 69 divide 6364?
False
Is 12 a factor of 1028?
False
Is 1589 a multiple of 54?
False
Does 10 divide 40829?
False
Is 2 a factor of 149?
False
Is 4275 a multiple of 171?
True
Is 1166 a multiple of 96?
False
Does 88 divide 12056?
True
Is 68960 a multiple of 80?
True
Is 349 a multiple of 9?
False
Is 6 a factor of 38259?
False
Is 167 a multiple of 49?
False
Is 769 a multiple of 9?
False
Is 25 a factor of 3925?
True
Is 6577 a multiple of 33?
False
Does 101 divide 537?
False
Does 4 divide 61?
False
Is 31299 a multiple of 127?
False
Is 698 a multiple of 9?
False
Is 27 a factor of 11286?
True
Does 24 divide 1739?
False
Is 777 a multiple of 15?
False
Does 5 divide 117?
False
Does 62 divide 310?
True
Does 6 divide 884?
False
Is 4380 a multiple of 20?
True
Does 37 divide 185?
True
Does 25 divide 981?
False
Is 30 a factor of 5596?
False
Is 720 a multiple of 36?
True
Is 48